{"id":603,"date":"2023-02-20T11:14:05","date_gmt":"2023-02-20T10:14:05","guid":{"rendered":"https:\/\/lefooding.com\/evenement\/priceless-soupers\/?page_id=603"},"modified":"2023-10-05T15:59:02","modified_gmt":"2023-10-05T13:59:02","slug":"edition-2023","status":"publish","type":"page","link":"https:\/\/lefooding.com\/evenement\/priceless-soupers\/edition-2023\/","title":{"rendered":"2023"},"content":{"rendered":"\n<p>Onzi\u00e8me service en coulisse ! Pour cette nouvelle saison des Priceless Soupers, le Fooding et Mastercard sortent l\u2019argenterie et les passe-droits afin de vous servir sur un plateau six exp\u00e9riences aussi in\u00e9dites qu\u2019exclusives. Au menu d\u00e9gust\u2019 ? La visite sur mesure d\u2019une maison de\u00a0haute go\u00fbture, un d\u00e9jeuner \u00e0 notre table pr\u00e9f\u00e9r\u00e9e, ou encore le d\u00e9barquement de nos prim\u00e9s provinciaux, histoire de jouer des couteaux pour les parigot\u00b7e\u00b7s\u2026 Le meilleur pour la faim : les d\u00e9tenteur\u00b7rice\u00b7s d\u2019une carte Mastercard b\u00e9n\u00e9ficient d\u2019un acc\u00e8s VIP aux \u00e9v\u00e9nements 24 heures avant tout le monde !\u00a0<\/p>\n\n\n\n<p><\/p>\n","protected":false},"excerpt":{"rendered":"<p>Onzi\u00e8me service en coulisse ! Pour cette nouvelle saison des Priceless Soupers, le Fooding et Mastercard sortent l\u2019argenterie et les passe-droits afin de vous servir sur un plateau six exp\u00e9riences aussi in\u00e9dites qu\u2019exclusives. Au menu d\u00e9gust\u2019 ? La visite sur mesure d\u2019une maison de\u00a0haute go\u00fbture, un d\u00e9jeuner \u00e0 notre table pr\u00e9f\u00e9r\u00e9e, ou encore le d\u00e9barquement [&hellip;]<\/p>\n","protected":false},"author":2,"featured_media":0,"parent":0,"menu_order":0,"comment_status":"closed","ping_status":"closed","template":"","meta":{"footnotes":""},"class_list":["post-603","page","type-page","status-publish","hentry"],"acf":[],"_links":{"self":[{"href":"https:\/\/lefooding.com\/evenement\/priceless-soupers\/wp-json\/wp\/v2\/pages\/603","targetHints":{"allow":["GET"]}}],"collection":[{"href":"https:\/\/lefooding.com\/evenement\/priceless-soupers\/wp-json\/wp\/v2\/pages"}],"about":[{"href":"https:\/\/lefooding.com\/evenement\/priceless-soupers\/wp-json\/wp\/v2\/types\/page"}],"author":[{"embeddable":true,"href":"https:\/\/lefooding.com\/evenement\/priceless-soupers\/wp-json\/wp\/v2\/users\/2"}],"replies":[{"embeddable":true,"href":"https:\/\/lefooding.com\/evenement\/priceless-soupers\/wp-json\/wp\/v2\/comments?post=603"}],"version-history":[{"count":21,"href":"https:\/\/lefooding.com\/evenement\/priceless-soupers\/wp-json\/wp\/v2\/pages\/603\/revisions"}],"predecessor-version":[{"id":802,"href":"https:\/\/lefooding.com\/evenement\/priceless-soupers\/wp-json\/wp\/v2\/pages\/603\/revisions\/802"}],"wp:attachment":[{"href":"https:\/\/lefooding.com\/evenement\/priceless-soupers\/wp-json\/wp\/v2\/media?parent=603"}],"curies":[{"name":"wp","href":"https:\/\/api.w.org\/{rel}","templated":true}]}}